11
Let k = -107 + 215. Calculate the highest common divisor of 12 and k.
12
Let s(r) = r**2 + 3*r - 75. Let u be s(9). Let d(l) = 2*l - 3. Let x be d(7). What is the greatest common divisor of u and x?
11
Suppose 0 = -3*p - p + 104. Calculate the highest common divisor of 26 and p.
26
Let d(c) = -c - 3. Let k be d(-5). Suppose p - 34 = -w, -3*p = -w + 20 - k. What is the greatest common factor of w and 45?
15
Suppose 0 = m - 3 - 2, -4*v = -3*m + 35. Let i = v - -9. What is the highest common factor of i and 12?
4
Suppose -1 - 11 = 3*n, -32 = -2*a - 2*n. Let s be (-66)/(-15) - 8/a. Calculate the greatest common divisor of s and 28.
4
Let j = 3 + -3. Suppose j = 2*g - 2*z - 6, 2*g - z - 6 = -2*z. Calculate the highest common factor of g and 6.
3
Let d(i) = 14*i - 8. Suppose o - 3 = 0, -6*s - 342 = -3*s + 2*o. Let h be (-2)/7 - s/14. Let g be d(h). Calculate the highest common divisor of g and 13.
13
Suppose 0 = -5*l - 8 - 7. Let q be 18/(-2)*(l - 2). Calculate the highest common divisor of 9 and q.
9
Suppose -2*d - d + 9 = 3*r, 5*r - 19 = -d. Suppose 0*f - r*f + 120 = 0. What is the highest common factor of 10 and f?
10
Let m = 35 - 23. Suppose -6*s + 300 = m. What is the highest common divisor of 32 and s?
16
Let h = -4 - 0. Let j be (h/5)/((-4)/(-290)). Let y = j + 106. Calculate the greatest common divisor of y and 16.
16
Suppose -5*x + 61 + 149 = 0. Suppose 0 = 3*q + 6, -3*h - 8 = -4*q - 58. What is the highest common factor of x and h?
14
Let o(q) = 2*q**3 + 2*q**2 - 2*q - 3. Let s be o(-2). Let m = 17 + s. What is the highest common divisor of 110 and m?
10
Let k be -4*(1 + (-1 - -2)). Let m be (-36)/(-16) + 2/k. What is the highest common factor of m and 2?
2
Let w = 0 - 2. Let x be -2 - 2*5/w. Suppose 0 = 3*z - 5*t - 31, 3*t = x*z - 2 - 19. Calculate the greatest common divisor of 8 and z.
2
Suppose 7*u = 5*u - 2. Let b(w) = 21*w**2 - 2*w**2 + 1 - 4*w**2 + 2*w. Let k be b(u). Calculate the greatest common divisor of k and 112.
14
Let u(x) = x**3 - 6*x**2 + 3. Let c be u(6). Suppose -c*q = -q - 10. Calculate the greatest common divisor of q and 5.
5
Suppose -4*o = 4 + 4. Let i(u) = -u**3 + 3*u**2 + 2*u + 3. Let q be i(o). What is the greatest common factor of 95 and q?
19
Let s = 9 + 9. Calculate the highest common divisor of s and 12.
6
Let a be 8 - ((-16)/(-4) + 0). Calculate the highest common factor of 8 and a.
4
Let r = -25 + 53. What is the highest common factor of r and 56?
28
Suppose -53 = -5*a - y, -4*a - 2*y + 49 = y. What is the greatest common divisor of 80 and a?
10
Suppose m = -3*m + b + 23, 4*b - 10 = -m. Let x be (-3)/m - 74/(-4). Calculate the highest common divisor of 18 and x.
18
Suppose -11*p + 104 = 38. Let c(g) = 3*g**2 + 2*g - 3. Let z be c(-3). Suppose z = -2*w + 3*w. Calculate the highest common factor of p and w.
6
Suppose 5*r = -3*b + 57, -5*b - 19*r = -17*r - 76. Suppose -5*i - 9 = -44. Calculate the highest common factor of b and i.
7
Let h(z) = 5*z + 34. Let q be h(8). Calculate the highest common divisor of 37 and q.
37
Let t(x) = x**3 - x**2 - 3*x + 290. Let b be t(0). What is the highest common factor of b and 58?
58
Suppose 2 - 4 = -s. Suppose -s*g + 5*h = -4*g + 80, 3*g - 2*h = 158. Calculate the greatest common divisor of g and 75.
25
Let k be (-6)/(-21) + (-502)/(-7). What is the greatest common factor of k and 9?
9
Let s(h) = -h + 10. Let t be s(6). Suppose 5*b - 4*v - 373 + 133 = 0, 4*v - 192 = -t*b. Calculate the greatest common divisor of 6 and b.
6
Suppose -j = -4*m - 17, -45 = -5*j + 3*m + 6. Calculate the greatest common divisor of j and 99.
9
Suppose 5*v = b - 32 - 10, 0 = -5*b - 5*v + 120. Calculate the greatest common divisor of 27 and b.
27
Let i = 23 + -13. What is the highest common divisor of i and 50?
10
Suppose -11*s = -s - 200. Calculate the greatest common divisor of s and 30.
10
Suppose 0 = z + z. Suppose z = -y - 2*y + 15. Suppose 34 = y*v - 36. Calculate the greatest common divisor of 70 and v.
14
Let u be (-16)/10*5*2. Let k = u - -27. Calculate the greatest common factor of 55 and k.
11
Let i = 36 + -16. Let n be -2*(-2)/(-4)*37. Let o = 87 + n. What is the highest common factor of o and i?
10
Let x be 308/33*(-1)/(6/(-99)). Calculate the greatest common factor of 14 and x.
14
Let y = 112 - 47. What is the highest common factor of y and 13?
13
Suppose -160 = -0*b - 10*b. What is the greatest common factor of 56 and b?
8
Let b = 155 - -5. Suppose 4*u - b = -u. Calculate the greatest common factor of 48 and u.
16
Let k(s) = -s**2 + 9*s - 6. Let z be k(5). Calculate the highest common divisor of 49 and z.
7
Let n be 22/(-4)*-2 - 3. Let c be (-8)/(6/(-27)*3). What is the greatest common factor of c and n?
4
Let s be (-20)/28 + (-2)/7. Let z be (1/2)/(s/(-6)). Let t be (4 + 1)*(z + 8). Calculate the highest common factor of t and 22.
11
Suppose -6 = 3*i - 48. Let j be (-1236)/i + 4/14. Let g be 2 + 0 - (-1 + j). Calculate the greatest common factor of 13 and g.
13
Let s(u) = -u**2 - 2*u + 5. Let m be s(0). Suppose m*n + 140 = 2*r, -5*r - 4*n + 284 = -0*r. Calculate the highest common divisor of 30 and r.
30
Let b be 1 + 0 + 1 + -1. Suppose -5*a + 3*a = -18. Calculate the highest common divisor of b and a.
1
Suppose 0 = 2*y + 2*f - 3*f - 283, 3*f - 15 = 0. Suppose -r - 4*c = -17 - 5, -31 = -2*r + 5*c. What is the highest common factor of r and y?
18
Suppose -100 = -6*y + 260. What is the highest common divisor of 15 and y?
15
Let k(y) be the third derivative of 41*y**6/30 + y**3/6 - 2*y**2. Let m be k(1). Let o be (5*1)/(2/6). Calculate the greatest common factor of m and o.
15
Let f be 32/(-12)*15/4. Let g(x) = -2*x - 13. Let q be g(f). What is the greatest common divisor of 28 and q?
7
Let w be (6/8)/(8/32). Suppose 3*g - 29 = -2*z + 35, -4*g = 2*z - 68. Let c = z + -14. What is the highest common divisor of w and c?
3
Let m = 9 + 0. Let z = 55 + -198. Let y = 215 + z. Calculate the highest common factor of y and m.
9
Let p be -6 + 4 - (-100 - -2). What is the greatest common divisor of p and 24?
24
Let w(h) = -h**3 + 9*h**2 + 11*h + 17. Let l be w(10). What is the highest common factor of l and 36?
9
Let f(b) = -b**2 + 3*b + 4. Suppose -h = -2*h + 10. Suppose h*m - 15 = 5*m. Let g be f(m). What is the highest common divisor of g and 8?
4
Let r(z) = 0*z**3 + 2*z**2 + 4*z**2 - z**3 + z. Let m be r(6). Let c be 8/1 + 4/(-2). What is the highest common divisor of c and m?
6
Let m be (-10)/(-25) + (-3)/(-5). Calculate the greatest common divisor of m and 9.
1
Suppose 3*c - 6*c - 63 = 0. Let q be 54/((c/(-2))/7). What is the highest common factor of 12 and q?
12
Let p(u) = 16*u**2 - 2*u - 2. Let r be p(-1). Calculate the greatest common factor of 88 and r.
8
Let d = 46 + -40. What is the greatest common divisor of 12 and d?
6
Let a(b) = b**2 - 2*b - 19. Let f be a(6). What is the greatest common divisor of f and 80?
5
Let w be 14/1 + 1 + -1. Calculate the greatest common divisor of w and 35.
7
Let z(r) = r**2 - 3*r - 3. Let h be z(6). What is the greatest common factor of 105 and h?
15
Let l(o) = 29*o**3 - 2*o**2 + 1. Let d be l(1). What is the highest common divisor of 224 and d?
28
Let t = 17 + 0. Let l = 9 + t. What is the highest common factor of 13 and l?
13
Let x(h) = -2*h**2 + 19*h + 5. Let t be x(9). Let v = -28 - -42. What is the greatest common factor of t and v?
14
Let r(i) = i**2 - 5*i - 1. Let l be r(7). Calculate the highest common factor of 13 and l.
13
Let w(b) = 2*b + 2. Suppose -3*a - 5 - 7 = 0. Let l be w(a). Let h be 0 - 3/(l/14). Calculate the greatest common divisor of h and 35.
7
Let h = 62 - 92. Let w be (-6)/(-2) + (-3 - h). Calculate the greatest common factor of 75 and w.
15
Suppose 6 = -4*v - 6. Let i be (-30)/(-25)*(-40)/v. Calculate the highest common divisor of 40 and i.
8
Let a = -58 - -135. What is the highest common factor of a and 7?
7
Suppose -52 = -5*m - 4*p, -4*m + 2*p = -2*m - 28. What is the greatest common divisor of m and 132?
12
Let k = 14 - -11. What is the highest common factor of k and 10?
5
Let y(f) = -7*f**3 - f**2 + 3*f + 2. Let s be y(-2). Let n be s - (-4)/(-8)*-4. What is the greatest common factor of 75 and n?
25
Suppose -24 = -8*g - 8. Calculate the highest common factor of g and 26.
2
Suppose 4*c = -4*j, -5*j + 0*j + 2*c = 21. Le